))) + (183 - 184).
0
What is (-17 - -21 - (1 + 1)) + -2 + 9?
9
Calculate 1 + -3 + -19 + (15 - -5) - 18.
-19
Calculate 7 + -4 + 3 + -4 + 1 - -2.
5
What is the value of -151 + 148 - (7 + -2 + -3)?
-5
2 + (-8 - ((4 - 3 - 8) + -6))
7
Calculate -446 - -449 - (-13 + 0 + -2).
18
Calculate 33 + -30 + (14 - -1).
18
25 + -17 + 2 - (26 - 2)
-14
What is (-13 - 4) + -1 + 2 - -3?
-13
What is 22 + (-16 - (23 - 29))?
12
Evaluate (-6 - -4 - -4) + -3 + 3 + 11.
13
What is the value of (-4 - -11 - (5 - 14)) + -8 - -7?
15
-10 + 1 + 3 - -17
11
Calculate -19 - (-12 + 2 + -4).
-5
Evaluate 1 - (1 + 1 - (-3 + (3 - -9))).
8
What is (-2 - -17) + (15 - 44)?
-14
1 + (12 - 4) + (-4 - 0)
5
Calculate 17 - (19 + (-24 - -7)).
15
Evaluate (-157 - -113) + (8 - (2 + -5)).
-33
What is the value of 14 - (20 + 8 + -4 - 14)?
4
Calculate (-26 - 1) + 29 + -27 - (3 - 10).
-18
Evaluate (-5 - (-32 + 19)) + -1 + 2 + -24.
-15
What is the value of (-8 - (-12 + 3)) + -10 + -1?
-10
Calculate (18 - 3) + (-18 - 15).
-18
(28 - (22 + -12)) + -14
4
Calculate (52 + -3 - 40) + (-3 - 0).
6
Evaluate -567 - -561 - (-14 - 1).
9
Evaluate -12 + (-16 + -12 - -14) + -9.
-35
What is the value of -1 + -15 + -2 - (67 + -78)?
-7
Calculate -23 - (25 + (-94 - -22)).
24
What is the value of -9 + 9 + 9 + -4 + 1?
6
Calculate (16 - 0) + -5 + 11 + -20.
2
9 + -15 + -13 + 11 - 14
-22
Evaluate (33 - 11) + -35 - -2.
-11
What is (0 - 6 - 3) + -66 + 68 - -11?
4
Calculate 141 + -146 + 1 + 11 + -8.
-1
5 + (-16 - -1 - (-14 - (7 - 16)))
-5
What is the value of (35 - 1) + 2 + 4 - 6?
34
Calculate 3 - 7 - (-3 - 0 - -2).
-3
Calculate (27 - 22) + -1 + -2.
2
What is the value of (49 - -9) + -119 + 87?
26
What is the value of (-8 + 6 - -2) + 0 + (2 - 15)?
-13
What is the value of 17 - ((8 - (6 + 5)) + 8 - -3)?
9
What is (-18 - 24 - -31 - (-2 + 1)) + 6?
-4
What is the value of 15 + 4 + 11 + (-7 + -1 - 6)?
16
Evaluate 24 + 0 + 72 + -80.
16
What is the value of -9 - (4 - (-5 + 4 - (4 + -6)))?
-12
Calculate (-16 - (-5 - -17)) + 2 - (-10 - 1).
-15
What is 23 - (29 - (-1 + 15))?
8
What is the value of -14 + 32 + -12 + 1?
7
Calculate 21 - 7 - 8 - (-1 + -3).
10
What is -2 + 3 - (-10 + -7)?
18
Evaluate 5 - (10 - 12 - -9).
-2
What is (-2 - -3 - -9) + (2 - (-6 + 13))?
5
0 + 2 + (-9 - -9) + -4 + 2
0
What is the value of 34 + -53 + -23 + 27?
-15
What is 3 + -27 - (-772 + 758)?
-10
What is 2 + 2 + -4 + -10 + 31 + -15?
6
Calculate -2 - ((-67 - -19) + 10).
36
Calculate -1 + -2 + (4 - -10) + 1.
12
What is -12 + 16 + -35 + -3 + 10?
-24
-23 - (16 + -27 - 13)
1
0 - 7 - -3 - 7 - 5
-16
Calculate (2 - (-1 - -2)) + -12 + (27 - 20).
-4
What is -2 + 14 - (-23 + 38)?
-3
Evaluate 1 - (-9 + 9 + 1 - (-6 + 7)).
1
Calculate 9 + (-5 - -15 - -35) - 9 - 7.
38
(4 - (7 + 3)) + -14 + 21
1
What is 28 + -32 - (-10 - 1) - 19?
-12
16 + -41 + -1 - -15
-11
What is (22 + -1 - (15 - 5)) + (7 - -11)?
29
What is the value of 64 - 58 - (17 + -14 - (0 + 0))?
3
What is -5 - -1 - (6 - 17 - (-4 + -2))?
1
19 - (3 + 3 + 3) - -12
22
-10 - (-10 + 9) - (2 + 2)
-13
Calculate -13 + -19 + 10 + 7 + 1.
-14
Evaluate -35 + 12 + -4 + 4 + 7.
-16
What is the value of -36 - -34 - (11 - 1)?
-12
What is -3 + -4 + 5 + 9 + -10?
-3
-2 + -4 - (9 + -11)
-4
Calculate -7 + -10 + 14 + 2.
-1
What is the value of 6 + (4 - (6 - 2)) + -27 - -1?
-20
What is the value of -4 + 1 + -5 + 17 + -6?
3
591 + -595 - (1 - 13 - -1)
7
What is 10 + 22 + -63 + 12?
-19
What is -15 - (-8 + (8 - 14))?
-1
Evaluate (-5 + 6 - -7) + (-6 + 3 - -10).
15
What is 42 + -39 - (3 - (-4 - 5)) - 11?
-20
What is -1 - 0 - (-3 - -19 - (-108 + 108))?
-17
Evaluate (-4 - -2) + -9 + (1 + 3 - -1).
-6
What is the value of 7 + (-28 + 14 - (-20 - -4))?
9
6 + -7 + -3 + 0 + -3 + -9
-16
What is 10 + (-17 - (-15 - -4))?
4
What is 12 - (23 + -41 + 10)?
20
What is 0 - ((5 - 0) + -10 + -1 + -5)?
11
(11 - 40) + 55 - 2
24
What is 13 - (22 + 10) - (3 + -12)?
-10
Calculate (3 - 2 - 10) + (-13 + 57 - 34).
1
Evaluate -3 + 1 + (16 - 4).
10
What is the value of -1 + -3 + (1 - 1) + -2486 + 2480?
-10
Calculate (-37 - -40) + (-2 - 5).
-4
What is the value of 6 + 8 + (-13 - -15) + -8?
8
Calculate 16 + 14 + (-8 - 8).
14
Evaluate 8 + (-8 + 17 + 0 - (-3 - -48)).
-28
What is the value of (-6 + 17 - 30) + 3 + (2 - -1)?
-13
Evaluate -9 + 4 + 3 + -17 + 9 + 0.
-10
What is 2 - (0 + 0) - (368 - 366)?
0
Evaluate 0 + (7 - -8 - 22).
-7
-35 - ((-41 - -5) + -26)
27
Evaluate 4 - -2 - (-23 - -20) - 19 - 24.
-34
Calculate -2 + (-5 - -7) - (38 - 59).
21
Calculate (11 - 26) + 14 - (4 - -2).
-7
Evaluate 2 + (27 + -14 + (2 - 2) - -2).
17
Evaluate (9 - 20) + -7 + -4.
-22
(-10 - -18 - (-26 - -13)) + 8
29
24 - ((-2 - (-14 + 6)) + -3)
21
Evaluate 0 + -23 + (-3 - -15) + -6.
-17
What is -22 + 14 + (8 + -5 - 3) + -2?
-10
What is 269 + -274 - (-3 - (14 + -3 - 1))?
8
What is the value of 11 + -2 + 3 - 22?
-10
Calculate 2 - (5 + 7 - -1).
-11
What is the value of -10 + -23 + 37 + 10?
14
-8 - ((2 - (4 - -14) - -6) + 4)
-2
What is the value of 284 + -293 + 9 + -1?
-1
What is the value of -2 + (3 + 1 - -2) - -5?
9
50 - (14 - (7 - (17 + -6)))
32
Calculate 19 - (46 - 37 - 22).
32
Evaluate -32 + (54 - 30) + (22 - 1).
13
Calculate -6 - (-6 - (-7 + 25 + -7)).
11
-1 + 0 + (-601 - -605)
3
Calculate 6 - (2 - (-2 - (7 + -13))).
8
What is 7 + (19 - 20) + -3 + -11 + -1?
-9
Evaluate -162 + 133 - (1 - 10) - (1 - -2).
-23
-32 + 2 - (-193 - -176)
-13
What is -15 + (19 + 29 - 35)?
-2
2 + -1 - (-156 + 144)
13
What is the value of -32 + 43 + (-12 - -1)?
0
What is (4 - 0) + (-135 - -122)?
-9
Evaluate -188 - -178 - (0 - -2 - 1 - 10).
-1
(0 - (6 - (11 - 1))) + -2 + -4
-2
What is the value of -291 + 300 + (-3 + 1 - 18)?
-11
Evaluate 12 + -18 + -1 + 4 + 10.
7
Calculate -6 - ((-30 - -24) + -17).
17
What is the value of (-13 - (1 - 0)) + -295 + 304?
-5
What is the value of -17 + 62 + -1 - 58?
-14
Evaluate (-4 - (1 + -5 + 7)) + 14.
7
What is the value of -3 + -4 + 149 + -142?
0
What is -28 + 42 + 12 + -38?
-12
24 + (18 - (0 - -12)) + -13
17
What is the value of (21 - (-13 + (14 - -5))) + -8?
7
What is (53 - 55 - (2 - (2 + 22))) + 2?
22
What is -1 - 1 - (-6 + (13 - 14))?
5
(-11 - -4) + 6 + (13 - 25)
-13
Calculate (5 - (5 + 8)) + 23.
15
What is the value of 12 - (-12 - (13 - (23 - -3)))?
11
9 + -2 + -17 + (2 - 10)
-18
What is the value of -5 - (4 + 5) - (5 + -2)?
-17
Evaluate -9 + (36 - (-8 - ((1 - 6) + 0))).
30
What is the value of -1 - (-1 + 1) - (-42 + 44)?
-3
Calculate 7 + (-8 - 5) + -2 - -9.
1
(-397 - -395) + (9 - -1)
8
Evaluate -15 + 14 + (-1 - -1 - -2) + 4.
5
Evaluate (-12 + 27 - -9) + -4 + 12.
32
-29 + 27 - (-9 - (3 - 5))
5
What is -3 + (2 - 8) - (5 + -11)?
-3
What is (-5 - 27) + 6 + 16?
-10
What is the value of 0 + 6 + (0 - -10 - (78 + -58))?
-4
(9 - 11) + -6 + 21
13
-23 + -10 + 12 + (10 - 1)
-12
What is (-14 - (3 - 1 - 0)) + (-1339 - -1335)?
-20
What is the value of -23 + (67 - (-14 - -48))?
10
What is the value of (-21 - -20) + -8 + -1 + 1?
-9
Calculate -5 + -2 + (23 - 26).
-10
(6 - -1 - (-17 + 20) - 4) + 18
18
-36 - -27 - (-1 - ((0 - -4) + 1))
-3
What is the value of 45 - 40 - (3 + (-2 + -2 - 6))?
12
What is the value of 11 + (-1 - 2) + 60 + -58?
10
Calculate (13 + -3 - (7 + 14)) + 6 + -25.
-30
(-1 - -1) + -1 + 27 + -10 + -15
1
What is the value of 8 - (18 + -14 + 5 + -4)?
3
Calculate 96 + -108 - (0 + -10) - -17.
15
Evaluate ((-19 - -56) + 0 - 16) + -6.
15
(36 - 0) + -37 - ((2 - 2) + 12)
-13
2 - -2 - (1 - -47 - (30 - 17))
-31
What is 5 + (17 - 17) + (0 - (1 - 2))?
6
What is -7 + 1 + (22 + -27 - (3 - 14))?
0
What is -619 + 593 + 18 + 0?
-8
What is (11 - (3 + 12)) + -7?
-11
Calculate (2 - -4) + -13 + 2 + 18.
13
What is -15 + 14 - (11 - (3 + 2 + -4))?
-11
0 - -8 - ((-12 - (-13 - -1)) + -4)
12
2 - 0 - (0 - -3 - 16)
15
Calculate -44 - (2 + -25 + 3).
-24
What is the value of 9 + -4 + -4 - -14?
15
Evaluate 1 - 1 - ((21 - 8) + -21 + 14).
-6
Calculate 5 + (-6 - 18 - -17) + 4.
2
What is the value of -8 + (1 - 12 - (-36 - (-18 + 2)))?
1
Evaluate (0 - -2 - -3 - (11 + -2)) + 10.
6
What is the value of (2 + -1 - -1) + 66 + -64 + -13?
-9
-3 + 5 + -12 + (12 - 15)
-13
Calculate (15 - -6 - 2) + -28.
-9
What is the value of 2 - -3 - (19 + (-4 - 8))?
-2
Evaluate -17 + 5 + 15 + 11.
14
What is the value of -5 - ((-31 - -14) + 23)?
-11
-6 + (0 - -4 - 1) + 8
5
What is (1 - 5) + (-10 - (-15 - 1))?
2
158 + -128 - (7 + -3 - 7)
33
Evaluate 6 + -28 + 3